+ v*d(o). Calculate f(-2).
-4
Let b(o) = o - 3. Let w = -27 + 20. Determine b(w).
-10
Let q(c) = -c**3 - 5*c**2 - 3*c - 13. Let y(u) = -u**3 - 5*u**2 - 3*u - 11. Let n(i) = 4*q(i) - 5*y(i). What is n(-4)?
7
Let v(c) = -9*c**2 - c + 1. Suppose -4*r = -1 - 51. Let b = 14 - r. Calculate v(b).
-9
Let o(a) = a + 7*a**3 - 5 + 11*a**2 - 8*a + 0. Let j = -3 + -3. Let x(h) = 8*h**3 + 12*h**2 - 8*h - 5. Let i(q) = j*x(q) + 7*o(q). Calculate i(-5).
0
Let x(u) be the second derivative of u**4/12 - u**3/6 - u**2/2 - 9*u. Give x(-2).
5
Let c(v) = -1. Let a(y) = -y**3 - 4*y + 6. Let z(l) = -a(l) - 3*c(l). What is z(2)?
13
Let o(d) = 0 + 6*d + 13 - 7*d. What is o(9)?
4
Suppose 0*w - 2*w = -5*d + 18, -w = -5*d + 14. Let t(p) = -p - 1. Let g(n) = -3*n - 8. Let z(o) = -g(o) + 5*t(o). Determine z(w).
11
Let a(i) = -3 - 4*i + 0*i - i. Calculate a(-2).
7
Suppose 5 + 10 = -5*v. Let p(h) be the third derivative of -1/2*h**3 + 1/30*h**5 + 0 - 5/24*h**4 - h**2 + 1/120*h**6 + 0*h. What is p(v)?
3
Let u(a) = 6*a. Suppose -3*c - 8 = -2, -2 = 2*v + c. Let b = v + -1. Determine u(b).
-6
Let m(q) = -q**2 + 3*q + 7. Let a(o) = -o**2 + 6*o - 8. Let x be a(6). Let l be (-2)/5 - (-335)/25. Let n = x + l. Calculate m(n).
-3
Let h(x) = 2*x + x**3 + 35*x**2 - 1 + 2*x - 30*x**2. Let v be 1*(-4 + (1 - 0)). What is h(v)?
5
Let v(c) = -c**2 - 5. Let m be 21/14*(51/(-9) + 1). Let u be (0 - -1) + (-12)/(-2). Let r = u + m. Give v(r).
-5
Suppose 5*j - 2*j = 0. Let k be ((1 - j) + -1)*1. Let b(m) = m - m + m + k. Determine b(-5).
-5
Let y = -24 + 45. Let d(n) = -7*n + 0*n**2 - n**2 + 18 - y. Determine d(-3).
9
Let r(v) be the second derivative of 1/2*v**4 - 1/20*v**5 - 2*v - 2*v**2 + 0 - 5/6*v**3. Let s = 18 + -13. Determine r(s).
-4
Let d = 0 - 3. Let f(x) = x**2 + 3*x + 3. Let o(i) = i. Let n(w) = f(w) + 2*o(w). What is n(d)?
-3
Let q(n) be the second derivative of 0 - 1/12*n**4 + 7/6*n**3 + 9*n + 5/2*n**2. Give q(7).
5
Let z(c) = 2*c. Let g(q) = q**2 - q - 2. Let h be g(5). Let u = h - 12. Let b be (-3)/(u/(-2) - -4). Determine z(b).
-6
Let f(u) be the first derivative of -u**2/2 - 5*u - 1. Let a be 1 + 2 + -3 + 5. Suppose -m + 5 = 5*t, -m + 2*t = a*t - 3. What is f(m)?
-5
Suppose b + 2 = 5. Let m(z) = b*z + 0 - 1 + 0. Give m(1).
2
Let h(f) be the first derivative of f**4/4 + f**3 + f**2 - 2*f + 2. What is h(-2)?
-2
Let o(z) = 1 + 0*z + 5*z - 13*z. Determine o(1).
-7
Let t(j) be the third derivative of -j**4/24 - 4*j**3/3 + 49*j**2. Calculate t(-9).
1
Let q = -13 - -16. Suppose 0 = a - s, -5*a = -q*a + 5*s + 21. Let t(i) = -2*i. Determine t(a).
6
Let k(d) = 2*d**3 + 3*d - 4. Let t(w) = -w**3 - 4*w + 5. Let m(v) = -5*k(v) - 4*t(v). Calculate m(1).
-5
Suppose 3*m - 4*m = 1. Let h(r) be the first derivative of -r**3/3 - 3*r**2/2 - r + 1. Calculate h(m).
1
Let r(j) = -j**2 + 6*j - 7. Suppose 12 = -2*h + 4*t, 0*t - 5 = 2*h + 3*t. Let y = h + 1. Let w(i) = -i**3 - 2*i**2 - 4. Let c be w(y). Give r(c).
-2
Let s(g) = -2*g**2 + 3*g - 4. Let q(i) = i**2 + i - 1. Let r(p) = 3*q(p) + s(p). Determine r(-5).
-12
Let q(o) = -o + 3. Let v be q(0). Let g(i) = i**v - 2*i - i + i**3 + 2*i + 1. Calculate g(1).
2
Let a(q) = -q**3 - 5*q**2 + 4. Let k be a(-2). Let l(m) = -2*m - 8. What is l(k)?
8
Let f(y) = 2*y**3 + 5*y**2 - 10*y - 4. Let o(d) = -d**3 - 6*d**2 + 9*d + 4. Let x(c) = -2*f(c) - 3*o(c). Determine x(7).
-4
Let d(t) = -t**2 + t - 1. Let n(h) = -2*h - 22. Let x(j) = -j**3 + 5*j**2 - j - 5. Let b be x(5). Let w be n(b). What is d(w)?
-7
Let g(j) = -3*j - 5. Let f(h) = -2*h - 4. Let k(b) = 4*f(b) - 3*g(b). Suppose 4*c = u - 4*u + 25, 0 = 3*u - 5*c - 70. Suppose -u = 3*p - 3. Give k(p).
-5
Let c(m) = -4*m**3 - m**2. Let o be c(-1). Let d(k) = -3*k + 2. Determine d(o).
-7
Suppose 5*g = 9*g - 16. Let t(s) = 6*s**3 - 9*s**2 + 4*s + 7. Let u(j) = -5*j**3 + 8*j**2 - 3*j - 6. Let k(c) = 4*t(c) + 5*u(c). Determine k(g).
2
Let b(u) be the first derivative of -16*u**3/3 + u**2/2 + u + 11. Determine b(-1).
-16
Let p(s) be the first derivative of 5*s**4/2 + s + 1. Let u be 12/9 + (-4)/(-6). Let m = u + -1. Give p(m).
11
Let o = 7 + -5. Suppose -5*z - 13 = -3, -2*z + 4 = -o*r. Let g(x) = x**2 + 3*x - 2. Calculate g(r).
2
Let u(x) be the second derivative of x**4/2 + x**3/6 - x**2/2 + 3*x. Let b be -2*(3/(-1))/6. Calculate u(b).
6
Let v = 11 + -16. Let d(c) = 8*c + 4 + c**2 + 3 - 2 + 2. Calculate d(v).
-8
Suppose -2*s + 67 = -5. Suppose 4*o - 2*g = -g + 20, 4*o - 5*g - s = 0. Let h(p) = -p**3 + 4*p**2 - p. Determine h(o).
-4
Let t(n) = n - 5. Let d(a) = -1. Let j(v) = -15*d(v) + 3*t(v). What is j(3)?
9
Let m(p) be the second derivative of -p**3/3 - p**2/2 - p. Let j(s) = 1. Let b = 23 + -24. Let w(u) = b*m(u) + 2*j(u). Determine w(-3).
-3
Let h(n) = -n**2 - n. Let f(y) = 7*y**2 + 5*y - 1. Let g(k) = f(k) + 3*h(k). Calculate g(1).
5
Let p(v) = v + 1. Let f(u) = -6*u + 2. Let k(l) = -f(l) + p(l). Suppose c - 4 + 2 = 0. Suppose 10 = 4*o - 2*h, 6 = -c*o + 2*h + 14. What is k(o)?
6
Suppose x - 1 - 2 = 0. Let h(z) = -15*z + x + 16*z - 2. Calculate h(-5).
-4
Let t(i) be the second derivative of -2*i - i**2 + 1/3*i**3 - 1/12*i**4 + 0. Give t(2).
-2
Let t(c) = c**3 - 3*c**2 - 2*c + 1. Let z(h) = h**3 - 3*h**2 - h. Let m(x) = -5*t(x) + 4*z(x). What is m(4)?
3
Suppose -2*n - 2*y = 8, -4*n - n = -2*y + 27. Let z(a) = -a - 7 - a + 0*a + a. Give z(n).
-2
Let f(j) = 5*j - 10*j - 4 + 0*j + 6*j. What is f(4)?
0
Suppose k = -3*s + 3 + 10, 0 = -4*s + 4*k - 4. Let r(i) = 149*i**2 - i**s - 3 - 147*i**2 + 8*i - 3*i. Give r(3).
3
Suppose -4*c = -3*s + 26, 0 = -2*s - 5*c + 1 + 1. Let w(v) be the first derivative of -v**4/4 + 2*v**3 - 4*v - 63. Determine w(s).
-4
Let w(q) be the first derivative of q**4/4 - q**3 - 3*q**2 + 5*q + 8. What is w(4)?
-3
Let o(h) = -7 + 6*h**2 + h**3 - 13*h + 3*h + 9*h. Give o(-6).
-1
Let a = -10 - -10. Let o(m) = 4*m**2 + 3*m**3 - 2*m**3 + 0*m + a*m**2 + 3*m + 6. Determine o(-4).
-6
Let h(j) be the third derivative of 0*j + 0 + 1/2*j**3 - 1/24*j**4 - j**2. Let n(l) = -1. Let r(i) = -h(i) - 3*n(i). Calculate r(-4).
-4
Let b(t) = -2*t**3 - 3*t**2 - 2*t. Let o be b(-2). Suppose -o = v - 4. Let r(q) = -q + q + q - 1. Calculate r(v).
-5
Let h(d) = 12*d - 1. Suppose 2*w + 20 = 7*w, 0 = -3*o - 3*w + 15. Suppose -5*p = -s - 9, -s - o = -3*p + 4. Calculate h(s).
11
Let n(p) = -2*p**2 + 4*p + 4. Let s(b) = 3*b**2 - 4*b - 5. Let h(k) = -4*n(k) - 3*s(k). Determine h(-5).
-6
Let o(l) = -6 + 3*l**2 - 2*l - 2*l**2 + 0 + 2. Let n(i) = i - 2. Let t = -7 + 12. Let v be n(t). Calculate o(v).
-1
Let f(w) be the second derivative of -7/24*w**4 + 0*w**2 + w + 0 - 1/20*w**5 - 1/360*w**6 + 1/3*w**3. Let l(o) be the second derivative of f(o). Give l(-5).
-2
Let b(p) be the first derivative of 5/2*p**2 - 2 + p**3 - 1/4*p**4 - 6*p. Calculate b(4).
-2
Let k be -1 + (-2 - (-8)/2). Let m(i) = k + 0*i - 3*i + 5*i - 2*i**2. What is m(2)?
-3
Let h(v) = 2*v**2 - 3*v - 5. Let x be h(4). Let o = -9 + x. Let m(t) = t - 4. Give m(o).
2
Let d be (-1 - -2) + -1 + -5. Let r(f) be the third derivative of 0 + 1/15*f**5 + 1/120*f**6 + 0*f + 1/3*f**3 - 5/24*f**4 - 4*f**2. Calculate r(d).
2
Let b(t) = 2*t - 1. Suppose 1 = -10*r - 29. What is b(r)?
-7
Let o(j) = j**2 - 4*j - 2. Let z be o(4). Let b be (-2 - (z - 2)) + -2. Let i(x) be the first derivative of x**3/3 + x**2/2 - 7*x + 36. Calculate i(b).
-7
Let w(t) = -16*t. Let b(z) = -z**3 + 8*z**2 + 2*z - 17. Let x be b(8). Determine w(x).
16
Suppose 0 = -4*r + 5*r + 5*p + 15, p - 1 = -r. Suppose 0 = -q - 0*q + 2. Let j(d) = -7*d**3 + 5*d**3 + 4*d**q + d**3 - 1 + 6*d. Determine j(r).
4
Let t(p) be the first derivative of 1/3*p**3 - 3*p**2 + 4*p + 1. Let l(u) = u**3 + 5*u**2 + 3*u - 4. Let d be l(-3). Determine t(d).
-1
Let h(r) = -r**2 - 1. Let x(j) = -3*j**2 - j - 6. Let w(v) = 4*h(v) - x(v). Let q = 0 + -2. Give w(q).
-4
Suppose -i - 3*i = -12. Suppose 0*a - i*a = 0. Let o(x) = x**3 + x + 6. Give o(a).
6
Suppose -2*u - 9 = 5*q, u = -u - 4*q - 6. Suppose 0 = -7*c + 4*c + u. Let w(n) = -2*n. What is w(c)?
-2
Suppose 6*a - 16 = 8*a. Let x be (-4)/a - (-28)/(-8). Let h(f) = f**3 + 2*f**2 + f + 1. Give h(x).
-11
Suppose 0 = f + 2*f - 9. Let k(a) = f*a - 11*a + 0*a**2 + a**2. Give k(7).
-7
Let y(i) be the second derivative of i**4/12 + i**3/6 - i**2 - 6*i. What is y(-5)?
18
Let l(i) = -i**3 + 6*i**2 - 6*i 